 = i. What are the prime factors of d?
2, 7
Let d(q) = -88*q - 3. What are the prime factors of d(-1)?
5, 17
Suppose -2*s + 6 = -b, -s + 14 - 2 = -5*b. Suppose -4*r + s = -102. What are the prime factors of r?
2, 13
Suppose 2*s - 5 = 3. Let r(q) = 2*q**3 - 26*q**2 + 6*q - 8. Let f be r(13). Suppose k - f = -s*k. List the prime factors of k.
2, 7
Let q(l) = l**3 + 24*l**2 + 50*l + 26. What are the prime factors of q(-21)?
13, 23
Suppose 2*h - 6 = 2. Suppose 3*n - 39 = -5*s + h*n, 4*s + n = 24. List the prime factors of s.
7
Let u(i) be the third derivative of -2*i**2 + 0 - 1/6*i**3 + 1/12*i**4 + 0*i. What are the prime factors of u(2)?
3
Let n(y) = -y**3 + 9*y**2 + 8*y + 19. What are the prime factors of n(8)?
3, 7
Suppose 18 - 10 = h. What are the prime factors of h?
2
Let y(f) = 21*f**3 - f**2 + f - 1. Suppose i - 2 + 1 = 0. List the prime factors of y(i).
2, 5
Let q(l) be the second derivative of -l**5/20 + 2*l**4/3 - 4*l**3/3 + l**2/2 - 4*l. List the prime factors of q(6).
5
Let u(y) = y**3 - 10*y**2 + 19*y - 12. List the prime factors of u(10).
2, 89
Let y = -106 - -189. What are the prime factors of y?
83
Let t(h) be the third derivative of -h**5/60 + 7*h**4/24 - 2*h**3/3 + 4*h**2. Let d be t(6). Suppose -z + d*z = 18. List the prime factors of z.
2, 3
Let i be (2 - 5)*1*-1. Let l(d) = -4*d**2 + i - 7*d + 6 + 5*d**2. List the prime factors of l(7).
3
Suppose -16 = 5*l + s, 2*l + 8 = -3*s + s. List the prime factors of (-2 - -5) + (0 - l).
2, 3
What are the prime factors of 10/((-2)/8*-4)?
2, 5
Suppose -6*d + d = 25. Let o = -3 - d. Suppose 5*z - 51 = s - 3*s, 0 = -o*z + 4*s + 30. What are the prime factors of z?
11
Let x(i) = i**2 + i. Let f be x(0). Suppose -r = -f*r - 4. List the prime factors of 1/(-2) + 50/r.
2, 3
Let m = 3 - -2. Suppose f + 5*z = 5, 0 = m*f + 4*z - 36 - 31. Let s = f + 0. What are the prime factors of s?
3, 5
Suppose -f + 4*n + 17 = 0, -5*n - 5 = f + 14. Let a = -4 - -10. Let g = a - f. What are the prime factors of g?
5
Let v(w) = 2*w**3 - 8*w**2 + 6*w - 11. Let a be v(5). Suppose -259 + a = -5*t. List the prime factors of t.
2, 19
Let b = -7 - -11. What are the prime factors of b?
2
Suppose 0*l = 5*q - 5*l, -q = 5*l - 12. Let h = q + 0. List the prime factors of h.
2
Let l(f) = -2*f + 9. Let d be l(-9). Suppose -33 = -2*x + d. What are the prime factors of x?
2, 3, 5
Let m be -8 + 14 - (2 - 1). Let a = m - 3. Suppose 5*b - j = 76, j = 5*b + a*j - 84. List the prime factors of b.
2
Suppose 5*p - 4 = i + 16, 5*p + 5*i = 20. Suppose 78 = -p*b + 6*b. List the prime factors of b.
3, 13
Suppose -2*o = -3*a + 11, 0*a + 4*a = 5*o + 31. Suppose 5*h - 4*f = 3*h + 2, 4*h - 8 = 4*f. Let q = h - o. List the prime factors of q.
2, 5
Let h = -50 + 82. List the prime factors of h.
2
Suppose 22*o - 21*o = 64. List the prime factors of o.
2
Let w(g) = 6*g**2 - 4*g**2 - 3 - g**2 + g**2 + 8*g. List the prime factors of w(-6).
3, 7
Let q be (-10)/(-45) + 20/(-9). Let n be 1 - q - (39 - -4). What are the prime factors of (n/50)/(4/(-50))?
2, 5
Suppose 262 - 141 = a. What are the prime factors of a?
11
Let f(u) = u**2 + 3*u - 5. Suppose 5*j - 5 = 0, -3*j - 22 = 5*c - 0*j. List the prime factors of f(c).
5
Let c(k) be the first derivative of -k**3/3 - 5*k**2/2 - k + 2. List the prime factors of c(-4).
3
Let k = -2 + 7. Suppose 5*a + 1 = -5*v + 66, v = 4*a - 77. Suppose -h + 5 + a = 2*w, -20 = -k*w + 5*h. What are the prime factors of w?
3
Let f(b) be the first derivative of b**4/4 - 4*b**3 - b**2/2 + 17*b - 6. What are the prime factors of f(12)?
5
Suppose -p - 3*p = 3*n - 23, -3*n = -5*p - 5. Let c(q) = q + q**2 + q**2 - q**p. List the prime factors of c(3).
2, 3
What are the prime factors of ((-9)/2)/((-213)/(-54) + -4)?
3
Let n = -3 + 164. What are the prime factors of n?
7, 23
Suppose 10 + 82 = -4*d. Let o = -13 - d. List the prime factors of o.
2, 5
What are the prime factors of 4*5/40*458?
229
Let t be (0 - -2)/(-2)*-3. Suppose o = -t - 1. What are the prime factors of 2/o + (-75)/(-6)?
2, 3
Let t = -12 - -17. Suppose 0 = -2*k - p + 27, -3*k + t*p = 2*p - 27. What are the prime factors of k?
2, 3
Suppose -3*f + 90 = 3*h, 0*h = -5*h + 3*f + 118. What are the prime factors of h?
2, 13
Suppose -2*f = -5*f + 66. Let r = 49 - f. Suppose 0*d = 3*d - r. List the prime factors of d.
3
Suppose -q = -o - 3 - 7, -3*q - 3*o + 6 = 0. What are the prime factors of q?
2, 3
Suppose 4*m + 84 = 4*u, 35 = 3*u + 3*m + m. Suppose -2*q + 6*q - 28 = -4*x, -2*q + u = 3*x. Suppose w - x*w + 22 = 0. List the prime factors of w.
11
Let l(w) = -11*w - 68. List the prime factors of l(-16).
2, 3
Suppose 3*r - 5*c + 4 = 0, -3*c = 2*r + r - 12. Suppose r*t + 16 = -4*h, -4*h - 28 = -4*t - 0*h. List the prime factors of t.
2
Let h(w) = w**2 + 7*w + 9. Let j be h(-7). Suppose 6 = 2*a + 4. Suppose n + a = j. What are the prime factors of n?
2
Let y be (-2)/(-8) - 3/12. Suppose -4*i + y*g = -2*g - 20, -2*g = 5*i - 7. Suppose 0 = -7*o + i*o + 44. What are the prime factors of o?
11
Let g(p) = 41*p - 3. What are the prime factors of g(2)?
79
Let r(k) = -k**2 + 5*k - 3. What are the prime factors of r(3)?
3
Let i(j) be the third derivative of -j**4/24 - 4*j**3/3 - 2*j**2. Let o be i(-7). List the prime factors of (o + 4)/3 + 9.
2, 5
Let g be 0 - (-4 - (2 - 2)). Let c(d) = -d**3 + 5*d**2 + 4*d - 5. What are the prime factors of c(g)?
3
Let y be (-1)/(-3) - (-6)/(-18). Let f = 2 - y. Let x = f - 0. List the prime factors of x.
2
Suppose 4*b + 4*a = -0*b + 160, 5*b + 2*a - 206 = 0. What are the prime factors of b?
2, 3, 7
Let b be 2/(3/(6/(-4))). Let d be ((-12)/6)/(b/2). What are the prime factors of 43/d - (-2)/8?
11
List the prime factors of 2*282/(-4)*1/(-3).
47
Suppose 0*k - 4 = -2*k. Suppose 7*f - 8 = 13. Let n = f + k. What are the prime factors of n?
5
Let g(i) be the second derivative of -i**3/6 + 23*i**2/2 - 5*i. What are the prime factors of g(0)?
23
Let i = -7 + 11. Suppose -2*r + t = -2 - 13, 5*t = i*r - 15. List the prime factors of r.
2, 5
Let r = 19 - 27. Let g = r - -14. Suppose -3*m - 3*n = -g, -23 = -4*m + n - 2*n. What are the prime factors of m?
7
Let p be (0 - (-3)/(-6))*-10. Suppose 3*o = 4*o - 3*i - 15, p*i + 26 = 2*o. List the prime factors of o.
3
Suppose 5*x + 3 = 2*f, -2*x = 3*x - 5. Suppose -70 = -f*s - 0*s - l, 0 = 5*s - 2*l - 94. List the prime factors of s.
2, 3
List the prime factors of (2 - -3)*(-259)/(-35).
37
Let u be 66 - 6*2/4. Suppose -5*x + 2*m = -8, -x + 0*x + 4 = 2*m. Suppose -u = -5*q + x. What are the prime factors of q?
13
Let t(l) = 9*l**2 + 5*l - 5 - 4 - l + l**3. Let m be t(-8). Let c = -11 + m. List the prime factors of c.
2, 3
Suppose -4*h = 1 - 13. Suppose -6*m + h*m + 5*n + 24 = 0, -2*m + 35 = 3*n. What are the prime factors of m?
13
Let y(k) = k + 9. Suppose 3 - 4 = -p, 0 = 4*i + 4*p + 32. Let z be y(i). Suppose 5*n + z*n = 10. List the prime factors of n.
2
Let p = 9 + -18. Let z = p + 50. Suppose -z = -5*o - 3*w, w + 3*w + 2 = -o. List the prime factors of o.
2, 5
Let h(t) be the third derivative of t**5/30 - 5*t**4/12 + t**3 - t**2. Let i be h(6). Suppose -3*b + i = 4*s, -b - 5*s = b - 5. List the prime factors of b.
2, 5
Let j = -17 - -159. What are the prime factors of j?
2, 71
Let n = 4 + 7. What are the prime factors of n?
11
Let j(t) = -31*t - 36. List the prime factors of j(-9).
3
Suppose -7*b = -12*b + 1390. List the prime factors of b.
2, 139
List the prime factors of (-8)/52 + 966/26.
37
List the prime factors of -1*(1 - 68) - 4.
3, 7
Let d(o) = -8*o - 2 + 2*o + 0. Let z be d(-3). Suppose 0 = -0*b + 2*b - z. What are the prime factors of b?
2
List the prime factors of 4092/42 + (-9)/21.
97
Let n = 25 + -2. What are the prime factors of n?
23
Let g be ((-2)/(-4))/((-4)/(-16)). List the prime factors of ((-24)/14)/(g/(-14)).
2, 3
Suppose 10*w - 816 = 6*w. What are the prime factors of w?
2, 3, 17
Let x(z) = z**3 - 6*z + 3*z**2 - 8 + 4*z + 4*z**2. List the prime factors of x(-7).
2, 3
Let u(p) = 4*p + 2. Let j be u(-1). What are the prime factors of (j/6)/((-5)/435)?
29
Let a be -2*((-45)/6)/3. Suppose a*f = -0 + 35. What are the prime factors of f?
7
Let z be 2/8 + 76/16. Suppose 0 = -i + z - 1. List the prime factors of i.
2
Let d(g) = 115*g**3 - g**2 + 2*g - 1. What are the prime factors of d(1)?
5, 23
Let